[INFO] fetching crate tree 0.4.1...
[INFO] checking tree-0.4.1 against master#af3c6e733a40e671550e0f0f5aeecaa13772ba56 for pr-74989
[INFO] extracting crate tree 0.4.1 into /workspace/builds/worker-1/source
[INFO] validating manifest of crates.io crate tree 0.4.1 on toolchain af3c6e733a40e671550e0f0f5aeecaa13772ba56
[INFO] running `Command { std: "/workspace/cargo-home/bin/cargo" "+af3c6e733a40e671550e0f0f5aeecaa13772ba56" "read-manifest" "--manifest-path" "Cargo.toml", kill_on_drop: false }`
[INFO] started tweaking crates.io crate tree 0.4.1
[INFO] finished tweaking crates.io crate tree 0.4.1
[INFO] tweaked toml for crates.io crate tree 0.4.1 written to /workspace/builds/worker-1/source/Cargo.toml
[INFO] running `Command { std: "/workspace/cargo-home/bin/cargo" "+af3c6e733a40e671550e0f0f5aeecaa13772ba56" "generate-lockfile" "--manifest-path" "Cargo.toml" "-Zno-index-update", kill_on_drop: false }`
[INFO] running `Command { std: "/workspace/cargo-home/bin/cargo" "+af3c6e733a40e671550e0f0f5aeecaa13772ba56" "fetch" "--locked" "--manifest-path" "Cargo.toml", kill_on_drop: false }`
[INFO] running `Command { std: "docker" "create" "-v" "/var/lib/crater-agent-workspace/builds/worker-1/target:/opt/rustwide/target:rw,Z" "-v" "/var/lib/crater-agent-workspace/builds/worker-1/source:/opt/rustwide/workdir:ro,Z" "-v" "/var/lib/crater-agent-workspace/cargo-home:/opt/rustwide/cargo-home:ro,Z" "-v" "/var/lib/crater-agent-workspace/rustup-home:/opt/rustwide/rustup-home:ro,Z" "-e" "SOURCE_DIR=/opt/rustwide/workdir" "-e" "CARGO_TARGET_DIR=/opt/rustwide/target" "-e" "CARGO_HOME=/opt/rustwide/cargo-home" "-e" "RUSTUP_HOME=/opt/rustwide/rustup-home" "-w" "/opt/rustwide/workdir" "-m" "1610612736" "--user" "0:0" "--network" "none" "rustops/crates-build-env@sha256:d92eaeed33fa75130ca1ee6c8a01d1ffb62bac859dfdfb3450e3e5d1c0146529" "/opt/rustwide/cargo-home/bin/cargo" "+af3c6e733a40e671550e0f0f5aeecaa13772ba56" "metadata" "--no-deps" "--format-version=1", kill_on_drop: false }`
[INFO] [stdout] eb2c3a7c45320c98bb9127795c7e0ff144f604b2a2615c1b4bde6b55e1879aa0
[INFO] [stderr] WARNING: Your kernel does not support swap limit capabilities or the cgroup is not mounted. Memory limited without swap.
[INFO] running `Command { std: "docker" "start" "-a" "eb2c3a7c45320c98bb9127795c7e0ff144f604b2a2615c1b4bde6b55e1879aa0", kill_on_drop: false }`
[INFO] running `Command { std: "docker" "inspect" "eb2c3a7c45320c98bb9127795c7e0ff144f604b2a2615c1b4bde6b55e1879aa0", kill_on_drop: false }`
[INFO] running `Command { std: "docker" "rm" "-f" "eb2c3a7c45320c98bb9127795c7e0ff144f604b2a2615c1b4bde6b55e1879aa0", kill_on_drop: false }`
[INFO] [stdout] eb2c3a7c45320c98bb9127795c7e0ff144f604b2a2615c1b4bde6b55e1879aa0
[INFO] running `Command { std: "docker" "create" "-v" "/var/lib/crater-agent-workspace/builds/worker-1/target:/opt/rustwide/target:rw,Z" "-v" "/var/lib/crater-agent-workspace/builds/worker-1/source:/opt/rustwide/workdir:ro,Z" "-v" "/var/lib/crater-agent-workspace/cargo-home:/opt/rustwide/cargo-home:ro,Z" "-v" "/var/lib/crater-agent-workspace/rustup-home:/opt/rustwide/rustup-home:ro,Z" "-e" "SOURCE_DIR=/opt/rustwide/workdir" "-e" "CARGO_TARGET_DIR=/opt/rustwide/target" "-e" "CARGO_INCREMENTAL=0" "-e" "RUST_BACKTRACE=full" "-e" "RUSTFLAGS=--cap-lints=forbid" "-e" "CARGO_HOME=/opt/rustwide/cargo-home" "-e" "RUSTUP_HOME=/opt/rustwide/rustup-home" "-w" "/opt/rustwide/workdir" "-m" "1610612736" "--user" "0:0" "--network" "none" "rustops/crates-build-env@sha256:d92eaeed33fa75130ca1ee6c8a01d1ffb62bac859dfdfb3450e3e5d1c0146529" "/opt/rustwide/cargo-home/bin/cargo" "+af3c6e733a40e671550e0f0f5aeecaa13772ba56" "check" "--frozen" "--all" "--all-targets" "--message-format=json", kill_on_drop: false }`
[INFO] [stdout] b9ccff4de8a6d6b62174822f853f90cdc4b42308e5732627bce83a92245417c5
[INFO] [stderr] WARNING: Your kernel does not support swap limit capabilities or the cgroup is not mounted. Memory limited without swap.
[INFO] running `Command { std: "docker" "start" "-a" "b9ccff4de8a6d6b62174822f853f90cdc4b42308e5732627bce83a92245417c5", kill_on_drop: false }`
[INFO] [stderr]    Compiling libc v0.2.77
[INFO] [stderr]    Compiling log v0.4.11
[INFO] [stderr]     Checking cfg-if v0.1.10
[INFO] [stderr]     Checking bit-vec v0.6.2
[INFO] [stderr]     Checking vec_map v0.8.2
[INFO] [stderr]     Checking compare v0.0.6
[INFO] [stderr]     Checking bit-set v0.5.2
[INFO] [stderr]     Checking ordered_iter v0.1.2
[INFO] [stderr]     Checking log v0.3.9
[INFO] [stderr]     Checking thread-id v2.0.0
[INFO] [stderr]     Checking memchr v0.1.11
[INFO] [stderr]     Checking rand v0.4.6
[INFO] [stderr]     Checking thread_local v0.2.7
[INFO] [stderr]     Checking aho-corasick v0.5.3
[INFO] [stderr]     Checking regex v0.1.80
[INFO] [stderr]     Checking rand v0.3.23
[INFO] [stderr]     Checking env_logger v0.3.5
[INFO] [stderr]     Checking quickcheck v0.2.27
[INFO] [stderr]     Checking tree v0.4.1 (/opt/rustwide/workdir)
[INFO] [stdout] warning: unused macro definition
[INFO] [stdout]    --> src/node/iter.rs:121:1
[INFO] [stdout]     |
[INFO] [stdout] 121 | / macro_rules! bound {
[INFO] [stdout] 122 | |     ($iter:expr,
[INFO] [stdout] 123 | |      $cmp:expr,
[INFO] [stdout] 124 | |      $bound:expr,
[INFO] [stdout] ...   |
[INFO] [stdout] 164 | |     }
[INFO] [stdout] 165 | | }
[INFO] [stdout]     | |_^
[INFO] [stdout]     |
[INFO] [stdout]     = note: `#[warn(unused_macros)]` on by default
[INFO] [stdout] 
[INFO] [stdout] 
[INFO] [stdout] warning: unused macro definition
[INFO] [stdout]    --> src/node/iter.rs:121:1
[INFO] [stdout]     |
[INFO] [stdout] 121 | / macro_rules! bound {
[INFO] [stdout] 122 | |     ($iter:expr,
[INFO] [stdout] 123 | |      $cmp:expr,
[INFO] [stdout] 124 | |      $bound:expr,
[INFO] [stdout] ...   |
[INFO] [stdout] 164 | |     }
[INFO] [stdout] 165 | | }
[INFO] [stdout]     | |_^
[INFO] [stdout]     |
[INFO] [stdout]     = note: `#[warn(unused_macros)]` on by default
[INFO] [stdout] 
[INFO] [stdout] 
[INFO] [stdout] warning: trait objects without an explicit `dyn` are deprecated
[INFO] [stdout]   --> src/quickcheck.rs:14:29
[INFO] [stdout]    |
[INFO] [stdout] 14 |     fn shrink(&self) -> Box<Iterator<Item=Self>> {
[INFO] [stdout]    |                             ^^^^^^^^^^^^^^^^^^^ help: use `dyn`: `dyn Iterator<Item=Self>`
[INFO] [stdout]    |
[INFO] [stdout]    = note: `#[warn(bare_trait_objects)]` on by default
[INFO] [stdout] 
[INFO] [stdout] 
[INFO] [stdout] warning: trait objects without an explicit `dyn` are deprecated
[INFO] [stdout]   --> src/node/test.rs:36:29
[INFO] [stdout]    |
[INFO] [stdout] 36 |     fn shrink(&self) -> Box<Iterator<Item=Self>> {
[INFO] [stdout]    |                             ^^^^^^^^^^^^^^^^^^^ help: use `dyn`: `dyn Iterator<Item=Self>`
[INFO] [stdout]    |
[INFO] [stdout]    = note: `#[warn(bare_trait_objects)]` on by default
[INFO] [stdout] 
[INFO] [stdout] 
[INFO] [stdout] warning: trait objects without an explicit `dyn` are deprecated
[INFO] [stdout]   --> src/quickcheck.rs:25:29
[INFO] [stdout]    |
[INFO] [stdout] 25 |     fn shrink(&self) -> Box<Iterator<Item=Self>> {
[INFO] [stdout]    |                             ^^^^^^^^^^^^^^^^^^^ help: use `dyn`: `dyn Iterator<Item=Self>`
[INFO] [stdout] 
[INFO] [stdout] 
[INFO] [stdout] warning: trait objects without an explicit `dyn` are deprecated
[INFO] [stdout]   --> src/quickcheck.rs:14:29
[INFO] [stdout]    |
[INFO] [stdout] 14 |     fn shrink(&self) -> Box<Iterator<Item=Self>> {
[INFO] [stdout]    |                             ^^^^^^^^^^^^^^^^^^^ help: use `dyn`: `dyn Iterator<Item=Self>`
[INFO] [stdout] 
[INFO] [stdout] 
[INFO] [stdout] warning: trait objects without an explicit `dyn` are deprecated
[INFO] [stdout]   --> src/quickcheck.rs:25:29
[INFO] [stdout]    |
[INFO] [stdout] 25 |     fn shrink(&self) -> Box<Iterator<Item=Self>> {
[INFO] [stdout]    |                             ^^^^^^^^^^^^^^^^^^^ help: use `dyn`: `dyn Iterator<Item=Self>`
[INFO] [stdout] 
[INFO] [stdout] 
[INFO] [stdout] error[E0061]: this function takes 1 argument but 0 arguments were supplied
[INFO] [stdout]    --> src/set.rs:235:48
[INFO] [stdout]     |
[INFO] [stdout] 235 |     pub fn max(&self) -> Option<&T> { self.map.max().map(|e| e.0) }
[INFO] [stdout]     |                                                ^^^- supplied 0 arguments
[INFO] [stdout]     |                                                |
[INFO] [stdout]     |                                                expected 1 argument
[INFO] [stdout] 
[INFO] [stdout] 
[INFO] [stdout] error[E0061]: this function takes 1 argument but 0 arguments were supplied
[INFO] [stdout]    --> src/set.rs:235:48
[INFO] [stdout]     |
[INFO] [stdout] 235 |     pub fn max(&self) -> Option<&T> { self.map.max().map(|e| e.0) }
[INFO] [stdout]     |                                                ^^^- supplied 0 arguments
[INFO] [stdout]     |                                                |
[INFO] [stdout]     |                                                expected 1 argument
[INFO] [stdout] 
[INFO] [stdout] 
[INFO] [stdout] error[E0599]: no method named `map` found for struct `map::Map<T, (), C>` in the current scope
[INFO] [stdout]    --> src/set.rs:235:54
[INFO] [stdout]     |
[INFO] [stdout] 235 |     pub fn max(&self) -> Option<&T> { self.map.max().map(|e| e.0) }
[INFO] [stdout]     |                                                      ^^^ help: there is an associated function with a similar name: `max`
[INFO] [stdout]     | 
[INFO] [stdout]    ::: src/map.rs:22:1
[INFO] [stdout]     |
[INFO] [stdout] 22  | pub struct Map<K, V, C = Natural<K>> where C: Compare<K> {
[INFO] [stdout]     | --------------------------------------------------------
[INFO] [stdout]     | |
[INFO] [stdout]     | method `map` not found for this
[INFO] [stdout]     | doesn't satisfy `map::Map<T, (), C>: Iterator`
[INFO] [stdout]     |
[INFO] [stdout]     = note: the method `map` exists but the following trait bounds were not satisfied:
[INFO] [stdout]             `map::Map<T, (), C>: Iterator`
[INFO] [stdout]             which is required by `&mut map::Map<T, (), C>: Iterator`
[INFO] [stdout]     = help: items from traits can only be used if the trait is implemented and in scope
[INFO] [stdout]     = note: the following trait defines an item `map`, perhaps you need to implement it:
[INFO] [stdout]             candidate #1: `Iterator`
[INFO] [stdout] 
[INFO] [stdout] 
[INFO] [stdout] error[E0061]: this function takes 1 argument but 0 arguments were supplied
[INFO] [stdout]    --> src/set.rs:291:48
[INFO] [stdout]     |
[INFO] [stdout] 291 |     pub fn min(&self) -> Option<&T> { self.map.min().map(|e| e.0) }
[INFO] [stdout]     |                                                ^^^- supplied 0 arguments
[INFO] [stdout]     |                                                |
[INFO] [stdout]     |                                                expected 1 argument
[INFO] [stdout] 
[INFO] [stdout] 
[INFO] [stdout] error[E0599]: no method named `map` found for struct `map::Map<T, (), C>` in the current scope
[INFO] [stdout]    --> src/set.rs:291:54
[INFO] [stdout]     |
[INFO] [stdout] 291 |     pub fn min(&self) -> Option<&T> { self.map.min().map(|e| e.0) }
[INFO] [stdout]     |                                                      ^^^ help: there is an associated function with a similar name: `max`
[INFO] [stdout]     | 
[INFO] [stdout]    ::: src/map.rs:22:1
[INFO] [stdout]     |
[INFO] [stdout] 22  | pub struct Map<K, V, C = Natural<K>> where C: Compare<K> {
[INFO] [stdout]     | --------------------------------------------------------
[INFO] [stdout]     | |
[INFO] [stdout]     | method `map` not found for this
[INFO] [stdout]     | doesn't satisfy `map::Map<T, (), C>: Iterator`
[INFO] [stdout]     |
[INFO] [stdout]     = note: the method `map` exists but the following trait bounds were not satisfied:
[INFO] [stdout]             `map::Map<T, (), C>: Iterator`
[INFO] [stdout]             which is required by `&mut map::Map<T, (), C>: Iterator`
[INFO] [stdout]     = help: items from traits can only be used if the trait is implemented and in scope
[INFO] [stdout]     = note: the following trait defines an item `map`, perhaps you need to implement it:
[INFO] [stdout]             candidate #1: `Iterator`
[INFO] [stdout] 
[INFO] [stdout] 
[INFO] [stdout] error[E0599]: no method named `map` found for struct `map::Map<T, (), C>` in the current scope
[INFO] [stdout]    --> src/set.rs:235:54
[INFO] [stdout]     |
[INFO] [stdout] 235 |     pub fn max(&self) -> Option<&T> { self.map.max().map(|e| e.0) }
[INFO] [stdout]     |                                                      ^^^ help: there is an associated function with a similar name: `max`
[INFO] [stdout]     | 
[INFO] [stdout]    ::: src/map.rs:22:1
[INFO] [stdout]     |
[INFO] [stdout] 22  | pub struct Map<K, V, C = Natural<K>> where C: Compare<K> {
[INFO] [stdout]     | --------------------------------------------------------
[INFO] [stdout]     | |
[INFO] [stdout]     | method `map` not found for this
[INFO] [stdout]     | doesn't satisfy `map::Map<T, (), C>: Iterator`
[INFO] [stdout]     |
[INFO] [stdout]     = note: the method `map` exists but the following trait bounds were not satisfied:
[INFO] [stdout]             `map::Map<T, (), C>: Iterator`
[INFO] [stdout]             which is required by `&mut map::Map<T, (), C>: Iterator`
[INFO] [stdout]     = help: items from traits can only be used if the trait is implemented and in scope
[INFO] [stdout]     = note: the following trait defines an item `map`, perhaps you need to implement it:
[INFO] [stdout]             candidate #1: `Iterator`
[INFO] [stdout] 
[INFO] [stdout] 
[INFO] [stdout] error[E0061]: this function takes 1 argument but 0 arguments were supplied
[INFO] [stdout]    --> src/set.rs:291:48
[INFO] [stdout]     |
[INFO] [stdout] 291 |     pub fn min(&self) -> Option<&T> { self.map.min().map(|e| e.0) }
[INFO] [stdout]     |                                                ^^^- supplied 0 arguments
[INFO] [stdout]     |                                                |
[INFO] [stdout]     |                                                expected 1 argument
[INFO] [stdout] 
[INFO] [stdout] 
[INFO] [stdout] error[E0599]: no method named `map` found for struct `map::Map<T, (), C>` in the current scope
[INFO] [stdout]    --> src/set.rs:291:54
[INFO] [stdout]     |
[INFO] [stdout] 291 |     pub fn min(&self) -> Option<&T> { self.map.min().map(|e| e.0) }
[INFO] [stdout]     |                                                      ^^^ help: there is an associated function with a similar name: `max`
[INFO] [stdout]     | 
[INFO] [stdout]    ::: src/map.rs:22:1
[INFO] [stdout]     |
[INFO] [stdout] 22  | pub struct Map<K, V, C = Natural<K>> where C: Compare<K> {
[INFO] [stdout]     | --------------------------------------------------------
[INFO] [stdout]     | |
[INFO] [stdout]     | method `map` not found for this
[INFO] [stdout]     | doesn't satisfy `map::Map<T, (), C>: Iterator`
[INFO] [stdout]     |
[INFO] [stdout]     = note: the method `map` exists but the following trait bounds were not satisfied:
[INFO] [stdout]             `map::Map<T, (), C>: Iterator`
[INFO] [stdout]             which is required by `&mut map::Map<T, (), C>: Iterator`
[INFO] [stdout]     = help: items from traits can only be used if the trait is implemented and in scope
[INFO] [stdout]     = note: the following trait defines an item `map`, perhaps you need to implement it:
[INFO] [stdout]             candidate #1: `Iterator`
[INFO] [stdout] 
[INFO] [stdout] 
[INFO] [stdout] error: aborting due to 4 previous errors; 3 warnings emitted
[INFO] [stdout] 
[INFO] [stdout] 
[INFO] [stdout] Some errors have detailed explanations: E0061, E0599.
[INFO] [stdout] 
[INFO] [stdout] For more information about an error, try `rustc --explain E0061`.
[INFO] [stdout] 
[INFO] [stdout] warning: unused import: `Rng`
[INFO] [stdout]  --> src/node/test.rs:3:40
[INFO] [stdout]   |
[INFO] [stdout] 3 | use self::quickcheck::{Arbitrary, Gen, Rng, TestResult, quickcheck};
[INFO] [stdout]   |                                        ^^^
[INFO] [stdout]   |
[INFO] [stdout]   = note: `#[warn(unused_imports)]` on by default
[INFO] [stdout] 
[INFO] [stdout] 
[INFO] [stderr] error: could not compile `tree`.
[INFO] [stdout] error: aborting due to 4 previous errors; 5 warnings emitted
[INFO] [stdout] 
[INFO] [stdout] 
[INFO] [stderr] 
[INFO] [stdout] Some errors have detailed explanations: E0061, E0599.
[INFO] [stdout] 
[INFO] [stderr] To learn more, run the command again with --verbose.
[INFO] [stdout] For more information about an error, try `rustc --explain E0061`.
[INFO] [stdout] 
[INFO] [stderr] warning: build failed, waiting for other jobs to finish...
[INFO] [stderr] error: build failed
[INFO] running `Command { std: "docker" "inspect" "b9ccff4de8a6d6b62174822f853f90cdc4b42308e5732627bce83a92245417c5", kill_on_drop: false }`
[INFO] running `Command { std: "docker" "rm" "-f" "b9ccff4de8a6d6b62174822f853f90cdc4b42308e5732627bce83a92245417c5", kill_on_drop: false }`
[INFO] [stdout] b9ccff4de8a6d6b62174822f853f90cdc4b42308e5732627bce83a92245417c5
